f 9904?
9
What is the tens digit of 2795?
9
What is the units digit of 6315?
5
What is the units digit of 4500?
0
What is the hundreds digit of 2848?
8
What is the tens digit of 104420?
2
What is the tens digit of 4926?
2
What is the units digit of 1116?
6
What is the units digit of 36653?
3
What is the hundreds digit of 1076?
0
What is the thousands digit of 3014?
3
What is the thousands digit of 8366?
8
What is the ten thousands digit of 10451?
1
What is the hundreds digit of 45368?
3
What is the tens digit of 604?
0
What is the thousands digit of 3395?
3
What is the units digit of 303?
3
What is the units digit of 1904?
4
What is the tens digit of 3348?
4
What is the tens digit of 4356?
5
What is the hundreds digit of 1685?
6
What is the ten thousands digit of 32395?
3
What is the units digit of 5601?
1
What is the units digit of 2477?
7
What is the tens digit of 3404?
0
What is the thousands digit of 1866?
1
What is the thousands digit of 1440?
1
What is the units digit of 2436?
6
What is the thousands digit of 6323?
6
What is the hundreds digit of 5690?
6
What is the tens digit of 28440?
4
What is the units digit of 85914?
4
What is the units digit of 7672?
2
What is the hundreds digit of 191?
1
What is the hundreds digit of 1378?
3
What is the thousands digit of 1215?
1
What is the tens digit of 19145?
4
What is the units digit of 1274?
4
What is the units digit of 771?
1
What is the tens digit of 1522?
2
What is the ten thousands digit of 169136?
6
What is the hundreds digit of 7409?
4
What is the thousands digit of 2210?
2
What is the hundreds digit of 158093?
0
What is the ten thousands digit of 20627?
2
What is the hundreds digit of 3521?
5
What is the hundreds digit of 21566?
5
What is the hundreds digit of 38071?
0
What is the units digit of 45569?
9
What is the hundreds digit of 8298?
2
What is the tens digit of 1864?
6
What is the ten thousands digit of 57729?
5
What is the tens digit of 21421?
2
What is the hundreds digit of 17898?
8
What is the ten thousands digit of 41987?
4
What is the thousands digit of 61142?
1
What is the tens digit of 1981?
8
What is the thousands digit of 28384?
8
What is the tens digit of 106503?
0
What is the hundreds digit of 169298?
2
What is the units digit of 1819?
9
What is the tens digit of 17289?
8
What is the thousands digit of 7041?
7
What is the ten thousands digit of 35059?
3
What is the ten thousands digit of 89959?
8
What is the units digit of 88039?
9
What is the thousands digit of 11589?
1
What is the units digit of 15027?
7
What is the ten thousands digit of 11649?
1
What is the hundreds digit of 694?
6
What is the hundreds digit of 1236?
2
What is the tens digit of 133537?
3
What is the units digit of 2198?
8
What is the tens digit of 33586?
8
What is the thousands digit of 4603?
4
What is the ten thousands digit of 10866?
1
What is the tens digit of 511?
1
What is the tens digit of 1847?
4
What is the units digit of 580?
0
What is the ten thousands digit of 38292?
3
What is the tens digit of 10560?
6
What is the hundreds digit of 164?
1
What is the hundreds digit of 35083?
0
What is the units digit of 1098?
8
What is the tens digit of 29759?
5
What is the thousands digit of 5662?
5
What is the thousands digit of 10091?
0
What is the thousands digit of 46849?
6
What is the thousands digit of 2534?
2
What is the units digit of 325?
5
What is the units digit of 387?
7
What is the tens digit of 141286?
8
What is the units digit of 1046?
6
What is the ten thousands digit of 10816?
1
What is the units digit of 1590?
0
What is the tens digit of 3042?
4
What is the hundreds digit of 982?
9
What is the tens digit of 52102?
0
What is the thousands digit of 2047?
2
What is the tens digit of 18730?
3
What is the tens digit of 59965?
6
What is the hundreds digit of 45085?
0
What is the hundreds digit of 1524?
5
What is the hundred thousands digit of 155272?
1
What is the units digit of 7947?
7
What is the hundreds digit of 67713?
7
What is the units digit of 1409?
9
What is the hundreds digit of 11708?
7
What is the thousands digit of 16663?
6
What is the thousands digit of 89703?
9
What is the hundreds digit of 907?
9
What is the thousands digit of 3330?
3
What is the tens digit of 719?
1
What is the hundreds digit of 554?
5
What is the hundreds digit of 2890?
8
What is the units digit of 962?
2
What is the units digit of 1532?
2
What is the hundreds digit of 9643?
6
What is the units digit of 2341?
1
What is the hundreds digit of 4613?
6
What is the tens digit of 33?
3
What is the tens digit of 30624?
2
What is the tens digit of 10918?
1
What is the thousands digit of 101493?
1
What is the tens digit of 9315?
1
What is the ten thousands digit of 41155?
4
What is the ten thousands digit of 87890?
8
What is the thousands digit of 6085?
6
What is the thousands digit of 126215?
6
What is the tens digit of 1322?
2
What is the ten thousands digit of 134024?
3
What is the units digit of 39426?
6
What is the hundreds digit of 4121?
1
What is the tens digit of 265?
6
What is the units digit of 846?
6
What is the units digit of 14280?
0
What is the units digit of 1168?
8
What is the hundreds digit of 7515?
5
What is the thousands digit of 6645?
6
What is the thousands digit of 7424?
7
What is the tens digit of 16826?
2
What is the tens digit of 617?
1
What is the hundreds digit of 5463?
4
What is the tens digit of 76483?
8
What is the tens digit of 4423?
2
What is the hundreds digit of 932?
9
What is the units digit of 340?
0
What is the thousands digit of 7059?
7
What is the thousands digit of 1599?
1
What is the hundreds digit of 50766?
7
What is the thousands digit of 2249?
2
What is the tens digit of 1625?
2
What is the hundreds digit of 8600?
6
What is the ten thousands digit of 10316?
1
What is the tens digit of 1710?
1
What is the tens digit of 9255?
5
What is the hundreds digit of 10071?
0
What is the units digit of 182?
2
What is the hundreds digit of 47186?
1
What is the hundreds digit of 1345?
3
What is the tens digit of 7354?
5
What is the units digit of 269?
9
What is the thousands digit of 2630?
2
What is the units digit of 11762?
2
What is the thousands digit of 1438?
1
What is the thousands digit of 1157?
1
What is the units digit of 24766?
6
What is the thousands digit of 102280?
2
What is the tens digit of 128837?
3
What is the hundreds digit of 9471?
4
What is the hundred thousands digit of 108278?
1
What is the units digit of 7551?
1
What is the units digit of 334?
4
What is the thousands digit of 14969?
4
What is the thousands digit of 31175?
1
What is the tens digit of 43261?
6
What is the hundreds digit of 1001?
0
What is the hundreds digit of 2056?
0
What is the tens digit of 274?
7
What is the hundreds digit of 215?
2
What is the ten thousands digit of 13139?
1
What is the thousands digit of 35645?
5
What is the hundreds digit of 1708?
7
What is the hundreds digit of 7432?
4
What is the hundreds digit of 21587?
5
What is the tens digit of 1462?
6
What is the hundreds digit of 1520?
5
What is the units digit of 5888?
8
What is the hundreds digit of 92252?
2
What is the units digit of 310?
0
What is the units digit of 10875?
5
What is the units digit of 50409?
9
What is the ten thousands digit of 11562?
1
What is the thousands digit of 3542?
3
What is the tens digit of 3039?
3
What is the tens digit of 4028?
2
What is the thousands digit of 29942?
9
What is the tens digit of 60?
6
What is the hundreds digit of 4108?
1
What is the units digit of 43214?
4
What is the hundreds digit of 10307?
3
What is the hundreds digit of 9267?
2
What is the hundreds digit of 6953?
9
What is the units digit of 66078?
8
What is the hundreds digit of 27724?
7
What is the hundreds digit of 396?
3
What is the hundreds digit of 15155?
1
What is the hundreds digit of 1049?
0
What is the hundreds digit of 999?
9
What is the hundreds digit of 4408?
4
What is the tens digit of 706?
0
What is the tens digit of 9751?
5
What is the units digit of 2156?
6
What is the tens digit of 27951?
5
What is the units digit of 112818?
8
What is the hundreds digit of 40117?
1
What is the hundreds digit of 13667?
6
What is the hundreds digit of 6502?
5
What is the units digit of 2252?
2
What is the hundreds digit of 2388